divided by 288.
65
What is the remainder when 3090 is divided by 347?
314
Calculate the remainder when 3635 is divided by 8.
3
Calculate the remainder when 513574 is divided by 3021.
4
What is the remainder when 210012 is divided by 2442?
0
Calculate the remainder when 322420 is divided by 81.
40
What is the remainder when 5292 is divided by 2636?
20
Calculate the remainder when 10535 is divided by 1289.
223
Calculate the remainder when 3794 is divided by 1806.
182
Calculate the remainder when 21017 is divided by 320.
217
Calculate the remainder when 275703 is divided by 572.
571
Calculate the remainder when 362448 is divided by 136.
8
What is the remainder when 17770 is divided by 101?
95
Calculate the remainder when 4664 is divided by 4556.
108
Calculate the remainder when 11146 is divided by 174.
10
What is the remainder when 3835 is divided by 26?
13
Calculate the remainder when 427766 is divided by 80.
6
Calculate the remainder when 36521 is divided by 2148.
5
What is the remainder when 48009 is divided by 15?
9
What is the remainder when 5630 is divided by 128?
126
What is the remainder when 3684 is divided by 187?
131
Calculate the remainder when 37916 is divided by 11.
10
Calculate the remainder when 26199 is divided by 3195.
639
What is the remainder when 4548094 is divided by 28?
26
Calculate the remainder when 4039 is divided by 1975.
89
What is the remainder when 13732 is divided by 1304?
692
What is the remainder when 5585 is divided by 1382?
57
Calculate the remainder when 487699 is divided by 274.
253
What is the remainder when 1589 is divided by 1341?
248
What is the remainder when 47059 is divided by 1272?
1267
Calculate the remainder when 4440561 is divided by 279.
276
What is the remainder when 59508 is divided by 74?
12
What is the remainder when 105177 is divided by 32?
25
Calculate the remainder when 14945 is divided by 94.
93
Calculate the remainder when 19784 is divided by 198.
182
Calculate the remainder when 649 is divided by 188.
85
What is the remainder when 40258 is divided by 61?
59
What is the remainder when 3138 is divided by 834?
636
What is the remainder when 4391466 is divided by 1124?
1122
What is the remainder when 22326 is divided by 294?
276
What is the remainder when 445 is divided by 5?
0
Calculate the remainder when 81916 is divided by 30.
16
Calculate the remainder when 9956 is divided by 434.
408
What is the remainder when 12590 is divided by 930?
500
What is the remainder when 22108 is divided by 7103?
799
Calculate the remainder when 5241 is divided by 61.
56
Calculate the remainder when 137274 is divided by 89.
36
Calculate the remainder when 410226 is divided by 645.
6
Calculate the remainder when 51627 is divided by 30.
27
Calculate the remainder when 37007 is divided by 37007.
0
Calculate the remainder when 1612 is divided by 145.
17
Calculate the remainder when 3599 is divided by 180.
179
What is the remainder when 76704 is divided by 529?
528
Calculate the remainder when 1125559 is divided by 148.
19
What is the remainder when 9239 is divided by 53?
17
Calculate the remainder when 371857 is divided by 389.
362
What is the remainder when 29266 is divided by 1195?
586
Calculate the remainder when 30589 is divided by 35.
34
Calculate the remainder when 17026 is divided by 258.
256
Calculate the remainder when 547 is divided by 103.
32
Calculate the remainder when 8588680 is divided by 2862890.
10
Calculate the remainder when 74320 is divided by 74312.
8
Calculate the remainder when 5681 is divided by 2837.
7
Calculate the remainder when 3420 is divided by 1690.
40
Calculate the remainder when 81580 is divided by 105.
100
Calculate the remainder when 218211 is divided by 68.
67
Calculate the remainder when 5663 is divided by 90.
83
Calculate the remainder when 17131 is divided by 187.
114
Calculate the remainder when 51360 is divided by 25659.
42
Calculate the remainder when 1924 is divided by 495.
439
What is the remainder when 47188 is divided by 715?
713
What is the remainder when 129379 is divided by 21?
19
What is the remainder when 8687 is divided by 38?
23
Calculate the remainder when 5989 is divided by 61.
11
Calculate the remainder when 3861 is divided by 1164.
369
Calculate the remainder when 22937 is divided by 70.
47
What is the remainder when 260754 is divided by 52129?
109
Calculate the remainder when 2302636 is divided by 26.
24
Calculate the remainder when 52141 is divided by 1580.
1
Calculate the remainder when 188907 is divided by 11806.
11
What is the remainder when 375867 is divided by 33?
30
Calculate the remainder when 30940 is divided by 2.
0
Calculate the remainder when 1359 is divided by 246.
129
Calculate the remainder when 9908 is divided by 990.
8
Calculate the remainder when 24848 is divided by 236.
68
Calculate the remainder when 15553 is divided by 3091.
98
Calculate the remainder when 10623 is divided by 873.
147
What is the remainder when 6433537 is divided by 1766?
1765
Calculate the remainder when 27520 is divided by 399.
388
What is the remainder when 10505 is divided by 955?
0
Calculate the remainder when 1304664 is divided by 91.
88
What is the remainder when 11794 is divided by 123?
109
Calculate the remainder when 13112 is divided by 932.
64
What is the remainder when 329 is divided by 229?
100
What is the remainder when 974714 is divided by 841?
836
Calculate the remainder when 63234 is divided by 21071.
21
What is the remainder when 12753 is divided by 489?
39
Calculate the remainder when 6370 is divided by 1590.
10
What is the remainder when 83133 is divided by 435?
48
Calculate the remainder when 187128 is divided by 243.
18
Calculate the remainder when 3017 is divided by 181.
121
Calculate the remainder when 33279 is divided by 468.
51
Calculate the remainder when 134324 is divided by 21.
8
What is the remainder when 295763 is divided by 588?
587
What is the remainder when 18909 is divided by 76?
61
What is the remainder when 2107 is divided by 286?
105
What is the remainder when 25825 is divided by 194?
23
Calculate the remainder when 10951 is divided by 419.
57
Calculate the remainder when 31599 is divided by 25.
24
Calculate the remainder when 1703 is divided by 773.
157
What is the remainder when 377 is divided by 375?
2
What is the remainder when 269863 is divided by 334?
325
Calculate the remainder when 140632 is divided by 277.
193
What is the remainder when 2897 is divided by 941?
74
What is the remainder when 156204 is divided by 13?
9
What is the remainder when 92794 is divided by 132?
130
What is the remainder when 2037598 is divided by 36?
34
Calculate the remainder when 102091 is divided by 144.
139
What is the remainder when 456 is divided by 133?
57
Calculate the remainder when 15734 is divided by 43.
39
What is the remainder when 1132 is divided by 1128?
4
What is the remainder when 25900 is divided by 1079?
4
Calculate the remainder when 9782 is divided by 1954.
12
What is the remainder when 73530 is divided by 77?
72
What is the remainder when 573 is divided by 95?
3
Calculate the remainder when 2524 is divided by 30.
4
What is the remainder when 4378 is divided by 557?
479
What is the remainder when 268711 is divided by 933?
7
What is the remainder when 18491 is divided by 3692?
31
Calculate the remainder when 181766 is divided by 90880.
6
Calculate the remainder when 367246 is divided by 84.
82
Calculate the remainder when 3751 is divided by 352.
231
Calculate the remainder when 1145878 is divided by 108.
106
What is the remainder when 165720 is divided by 82857?
6
Calculate the remainder when 5673 is divided by 132.
129
What is the remainder when 1230953 is divided by 1169?
1165
Calculate the remainder when 115104 is divided by 1354.
14
Calculate the remainder when 3742 is divided by 154.
46
Calculate the remainder when 297175 is divided by 139.
132
Calculate the remainder when 63509 is divided by 756.
5
Calculate the remainder when 121488 is divided by 235.
228
Calculate the remainder when 1217 is divided by 724.
493
What is the remainder when 64270 is divided by 309?
307
What is the remainder when 7083773 is divided by 205?
203
Calculate the remainder when 99883 is divided by 12482.
27
Calculate the remainder when 2582 is di